he prime factors of q?
2, 31
Let m(l) = 4*l**2 + 4*l - 16. Let j be m(7). Suppose 0*f - 4*f + 4*t = -j, 96 = 2*f + 2*t. List the prime factors of f.
2, 5
Let z be 2/3*(2 - -1) - 8. List the prime factors of (-6)/(-18) - z/9 - -41.
2, 3, 7
Let s = 3909 + -2467. What are the prime factors of s?
2, 7, 103
Suppose -4*h = 6 - 22. Let b be -1*((-4)/(-4) - -1)*-4. Suppose -2*j - h + b = 0. List the prime factors of j.
2
Let r = 611 + 614. What are the prime factors of r?
5, 7
Suppose 600 = -7*m + 9*m. Let l be (-14)/7*m/(-3). Let p = -121 + l. What are the prime factors of p?
79
Suppose 0 = -j + 30 - 18. List the prime factors of (-5)/(-30) + 922/j.
7, 11
Suppose -158 = 4*p + 114. Let d = 162 + p. List the prime factors of d.
2, 47
Suppose 0 = 2*g + 8, 56 = 3*m + m - 2*g. Suppose 3*i = 3 + m. Suppose 98 = 5*x + 4*j, -j + 104 = i*x + j. What are the prime factors of x?
2, 11
Let q be (-2)/4*-2 + 0 + 15. Suppose 20*l - 96 = q*l. What are the prime factors of l?
2, 3
Let b(m) = m + 2. Let t be b(0). Suppose 2*i = -t*i + 3*j + 253, 5*j - 69 = -i. Suppose -i = 2*u - 4*u. List the prime factors of u.
2
Let w be ((-1)/(-4))/(3/2676). Suppose v - w = 210. Suppose 133 = -5*o + v. What are the prime factors of o?
2, 3, 5
Suppose -3*g = -2*g + 38. Let s = 102 + g. Let v = -42 + s. List the prime factors of v.
2, 11
Let n = -15 + 17. Suppose r - 3*f - n*f = -11, 0 = -2*f + 6. Suppose 80 = r*b - 72. What are the prime factors of b?
2, 19
Let l be -2 + (7 - 1 - 1). Let w(u) = -9*u - 3 - 2*u**3 - 7*u**2 + u**l + 0*u**3. List the prime factors of w(-6).
3, 5
Suppose -4*w + 29 = 9, 4*w = -5*q + 530. Suppose -4*a + 16 = 0, p - 2*a + 1 - 2 = 0. List the prime factors of (-6)/p*q/(-4).
17
Let y = -344 - -687. List the prime factors of y.
7
Let x be 9/((-27)/(-15)) - 3/1. Suppose 5*m - r - 488 = 0, x*r + 0*r = m - 94. What are the prime factors of m?
2, 7
Suppose -5*q + 7*q - 5*v = 1154, -3*q - 5*v + 1756 = 0. List the prime factors of q.
2, 3, 97
Let k be -1*(-4 + (9 + -3 - 2)). Suppose k = -5*z + 505 + 110. List the prime factors of z.
3, 41
Let f(m) = m**3 - 13*m**2 + 28*m - 16. Let v be f(11). Suppose v*x + 468 = 53*x. List the prime factors of x.
2, 3, 13
Suppose 1 = 5*m + 6, -3*z - 34 = 4*m. List the prime factors of (4*4/z)/((-1)/60).
2, 3
Let b = -41 + 43. What are the prime factors of b/(-5)*1540/(2 - 6)?
2, 7, 11
Let p(a) = 11*a - 6. Let y(r) = -2*r - 19. Suppose -2*l + l + 3*q = 17, -53 = 5*l + q. Let z be y(l). What are the prime factors of p(z)?
3
Let t(s) be the second derivative of -s**6/180 - s**5/30 - s**4/12 - 2*s. Let l(b) be the third derivative of t(b). List the prime factors of l(-4).
2, 3
Suppose -36 = -4*n - 8. Let p(j) = j + 2. Let c be p(n). What are the prime factors of (-54)/(-21)*(-2 + c)?
2, 3
Let l be (-1)/1*(-2 - -2). Let u(h) = -7*h - 36. Let w(b) = 10*b + 54. Let y(x) = 7*u(x) + 5*w(x). What are the prime factors of y(l)?
2, 3
Let t be (-7 - -3)/(-4 + 2). Suppose t*r - 314 = 268. What are the prime factors of r?
3, 97
Let j be (7 - 1) + -1 + -2. Let m(z) = 3*z + j*z + 6 - 5*z. What are the prime factors of m(3)?
3
Let q(x) = 27*x**2 + 5*x - 11. List the prime factors of q(-4).
401
Suppose -5*q - 28 - 297 = -5*w, -5*w = 4*q - 361. What are the prime factors of w?
3, 23
Let x be ((-10)/8)/((-5)/100). What are the prime factors of (-15)/x + (-446)/(-10)?
2, 11
Let m(r) = 3*r**2 - 4*r + 8. Let h(f) = -2*f**2 + 3*f - 5. Let w(s) = 8*h(s) + 5*m(s). Let u be w(3). List the prime factors of (-4)/u + 138/9.
2, 7
Let w(a) = -a**3 + 4*a**2 - a - 4. Let v be w(3). Let l be 6/8 + (-10)/(-8). Suppose -v*s - k = -63, -s + 54 = -2*k - l*k. What are the prime factors of s?
2, 17
Suppose -3*m - 8 = 5*f, 4*m + 5*f - 5 = -19. Let s(x) = -x**3 + 14*x + 9. List the prime factors of s(m).
3, 47
Let t(o) be the first derivative of -o**3/3 - 5*o**2/2 + 3*o - 3. Let s be t(-5). Suppose 5*m - s*m = 64. What are the prime factors of m?
2
Let q(x) = 164*x - 154. What are the prime factors of q(10)?
2, 743
Let s = 40 + -10. Suppose -238 = -2*o - 4*u, -o + u + 92 = -s. What are the prime factors of o?
11
Let r be (-2)/(-1 - 1)*-7. Let m = r + -15. Let x = 10 - m. What are the prime factors of x?
2
Let v = 46 - 42. List the prime factors of (v/(-5))/((-21)/1155).
2, 11
Let b(q) = -q**3 - q**2. Let k(o) = -3*o**3 + 2*o**2 + 3*o - 6. Let j(y) = -4*b(y) + k(y). Let s be j(-5). Let a = s - -11. What are the prime factors of a?
3, 5
Suppose 4402*u - 4398*u - 19492 = 0. List the prime factors of u.
11, 443
Let v(n) = -3*n**3 - 11*n**2 - 8*n - 36. List the prime factors of v(-9).
2, 3, 37
Let m(f) = f - f**3 - f**3 - 66 - 5*f**2 + 62. Suppose -q - 4 = -0. List the prime factors of m(q).
2, 5
Let k(a) be the second derivative of -a**4/8 + a**2 - 4*a. Let w(d) be the first derivative of k(d). List the prime factors of w(-4).
2, 3
Suppose 0 = 2*b + 5*k - 2075, -541 = 3*b - 2*k - 3682. What are the prime factors of b?
5, 11, 19
Let g = 19 - -16. What are the prime factors of g?
5, 7
Suppose -b + 2*b + 7 = 0. Let p = 56 + b. List the prime factors of p.
7
Suppose 9521 = 41*v - 16924. What are the prime factors of v?
3, 5, 43
Let p(s) be the first derivative of s**4/4 + 7*s**3/3 - 3*s**2 + 2*s + 22. List the prime factors of p(-7).
2, 11
Let o = 30 - 46. List the prime factors of 512/(-6)*8/(o/3).
2
Let k(t) = -t + 72. Let m(p) = p - 71. Let q(w) = -4*k(w) - 5*m(w). List the prime factors of q(-8).
3, 5
Let r be -2 + (-6)/1 + 0. Let l(y) = -8*y**2 - 12 - y**2 + 2 - y**3 - 13*y. What are the prime factors of l(r)?
2, 3, 5
Let n = 548 + -503. List the prime factors of n.
3, 5
Let a(i) = 29*i + 25. Let z be a(9). Suppose -5*f + z = -3*f. List the prime factors of f.
11, 13
Let h be (-3*(-93 - 0))/((-60)/(-40)). Suppose 2*k - 8*k + h = 0. What are the prime factors of k?
31
Suppose 22*x = 25*x. Let m(f) = -f**3 - f**2 - 2*f + 57. What are the prime factors of m(x)?
3, 19
Let x = 227 - 249. Let f be (0 + -2)/((-6)/75). Let v = f + x. List the prime factors of v.
3
Let y be ((-70)/6)/((-3)/81). Suppose 225 = 4*q - y. Suppose -3*u + 4*w + 135 = 3*w, 0 = -3*u + 5*w + q. What are the prime factors of u?
3, 5
Let p = -23 + 10. Let v = 32 + p. Suppose 2*l + 5 = v. What are the prime factors of l?
7
Suppose -7*z + 206 = -1285. What are the prime factors of z?
3, 71
Let q(h) = 7*h**3 + 16*h**2 - 16*h + 11. Let z(y) = 3*y**3 + 8*y**2 - 8*y + 6. Let n(b) = -2*q(b) + 5*z(b). List the prime factors of n(-8).
2, 3
Suppose -w - 10 + 12 = 0. Suppose 5*i - 5 = 3*z - 44, 10 = 2*z + w*i. What are the prime factors of 44/z - (-2)/(-4)?
5
Let h = 20 - 23. Let s(j) = 20*j**2 - 3*j - 4. What are the prime factors of s(h)?
5, 37
Let d be 2/(-3) + 18/27. Let q = -2 - d. Let u = 16 - q. What are the prime factors of u?
2, 3
Let j(i) = i**3 - 28*i**2 + 26*i + 28. Let d be j(27). What are the prime factors of 277 + (1/d - 4)?
2, 137
Suppose 11*k = 2832 + 2943. Let m = k + -299. What are the prime factors of m?
2, 113
Let s be 18/(-15)*50/(-15). Let m(c) = -4 + 3 + 6*c - 5. List the prime factors of m(s).
2, 3
Let l = 66 - 46. Let m(u) = 12*u + 4. Let g be m(3). Let z = g - l. List the prime factors of z.
2, 5
Let m(w) be the second derivative of -7*w**3/3 + 12*w**2 - 2*w. What are the prime factors of m(-7)?
2, 61
Let x(p) = 978*p**2 + 5*p + 3. What are the prime factors of x(-1)?
2, 61
Suppose 0 = -43*g - 5*g + 24048. List the prime factors of g.
3, 167
Let a be 1/5 + 6433/35. Suppose -177 = -3*u - 5*j, -5*j = -5*u + 151 + a. What are the prime factors of u?
2
Let h(t) = -10*t - 25. Suppose -5*g - 5*b - 17 = 53, -g - 2 = -3*b. List the prime factors of h(g).
5, 17
Suppose 2*v - 18 = -342. Let g = -49 - v. Let u = g - 80. What are the prime factors of u?
3, 11
Let l be (710/(-15))/((-2)/(-3)). Let x = -46 - l. Let k = x - -11. What are the prime factors of k?
2, 3
Let d be 60*((-4)/2)/(1 - 3). Let w = d + 24. List the prime factors of w.
2, 3, 7
Suppose 2*z - 5*y = 7, -2*z + 4*z - 2*y - 16 = 0. Let l = z - -50. Let n = l + -32. What are the prime factors of n?
29
List the prime factors of (20680/(-176))/(2/(-12)*1).
3, 5, 47
Suppose 3*r = 15, -15 = 2*p + p - 3*r. Suppose -7*z = -3*z + 2*q - 456, p = -3*z - 4*q + 332. What are the prime factors of z?
2, 29
Let c = 192 - -492. What are the prime factors of c?
